{"id":1571,"date":"2025-07-07T15:36:15","date_gmt":"2025-07-07T15:36:15","guid":{"rendered":"https:\/\/edulcodiet.com\/?page_id=1571"},"modified":"2025-07-14T18:15:53","modified_gmt":"2025-07-14T18:15:53","slug":"%d8%b3%d9%8a%d8%a7%d8%b3%d8%a9-%d9%85%d9%84%d9%81%d8%a7%d8%aa-%d8%aa%d8%b9%d8%b1%d9%8a%d9%81-%d8%a7%d9%84%d8%a7%d8%b1%d8%aa%d8%a8%d8%a7%d8%b7","status":"publish","type":"page","link":"https:\/\/edulcodiet.com\/ary\/%d8%b3%d9%8a%d8%a7%d8%b3%d8%a9-%d9%85%d9%84%d9%81%d8%a7%d8%aa-%d8%aa%d8%b9%d8%b1%d9%8a%d9%81-%d8%a7%d9%84%d8%a7%d8%b1%d8%aa%d8%a8%d8%a7%d8%b7\/","title":{"rendered":"\u0633\u064a\u0627\u0633\u0629 \u0645\u0644\u0641\u0627\u062a \u062a\u0639\u0631\u064a\u0641 \u0627\u0644\u0627\u0631\u062a\u0628\u0627\u0637"},"content":{"rendered":"<div data-elementor-type=\"wp-page\" data-elementor-id=\"1571\" class=\"elementor elementor-1571\" data-elementor-post-type=\"page\">\n\t\t\t\t<div data-particle_enable=\"false\" data-particle-mobile-disabled=\"false\" class=\"elementor-element elementor-element-4befc3f e-flex e-con-boxed e-con e-parent\" data-id=\"4befc3f\" data-element_type=\"container\" data-e-type=\"container\">\n\t\t\t\t\t<div class=\"e-con-inner\">\n\t\t\t\t<div class=\"elementor-element elementor-element-35054c6 elementor-widget elementor-widget-html\" data-id=\"35054c6\" data-element_type=\"widget\" data-e-type=\"widget\" data-widget_type=\"html.default\">\n\t\t\t\t\t```html\n<!DOCTYPE html>\n<html lang=\"es\">\n<head>\n  <meta charset=\"UTF-8\">\n  <title>\u0633\u064a\u0627\u0633\u0629 \u0645\u0644\u0641\u0627\u062a \u062a\u0639\u0631\u064a\u0641 \u0627\u0644\u0627\u0631\u062a\u0628\u0627\u0637 | Edulcodiet SL<\/title>\n  <meta name=\"viewport\" content=\"width=device-width, initial-scale=1.0\">\n  <style>\n    body{font-family:Arial,Helvetica,sans-serif;line-height:1.6;margin:20px;color:#222;}\n    h1{font-size:1.8rem;text-align:center;margin-bottom:1rem;}\n    h2{font-size:1.35rem;margin-top:1.5rem;}\n    table{width:100%;border-collapse:collapse;font-size:.95rem;margin-top:1rem;}\n    th,td{border:1px solid #ccc;padding:8px;text-align:left;}\n    th{background:#f3f3f3;}\n    ul{margin-left:1.3rem;}\n    strong{font-weight:700;}\n  <\/style>\n<\/head>\n<body data-rsssl=1>\n\n<h1><strong>\u0633\u064a\u0627\u0633\u0629 \u0645\u0644\u0641\u0627\u062a \u062a\u0639\u0631\u064a\u0641 \u0627\u0644\u0627\u0631\u062a\u0628\u0627\u0637 \u2013 EDULCODIET SL<\/strong><\/h1>\n<p>\u0622\u062e\u0631 \u062a\u062d\u062f\u064a\u062b: 7 \u064a\u0648\u0644\u064a\u0648 2025<\/p>\n\n<h2><strong>1. \u0645\u0627 \u0647\u064a \u0645\u0644\u0641\u0627\u062a \u062a\u0639\u0631\u064a\u0641 \u0627\u0644\u0627\u0631\u062a\u0628\u0627\u0637\u061f<\/strong><\/h2>\n<p>\u0645\u0644\u0641\u0627\u062a \u062a\u0639\u0631\u064a\u0641 \u0627\u0644\u0627\u0631\u062a\u0628\u0627\u0637 \u0647\u064a \u0645\u0644\u0641\u0627\u062a \u0646\u0635\u064a\u0629 \u064a\u0636\u0639\u0647\u0627 \u0645\u0648\u0642\u0639 \u0625\u0644\u0643\u062a\u0631\u0648\u0646\u064a \u0639\u0644\u0649 \u062c\u0647\u0627\u0632 \u0627\u0644\u0645\u0633\u062a\u062e\u062f\u0645 \u0644\u062c\u0645\u0639 \u0648\u0627\u0633\u062a\u0631\u062c\u0627\u0639 \u0645\u0639\u0644\u0648\u0645\u0627\u062a \u062d\u0648\u0644 \u062a\u0635\u0641\u062d\u0647. \u062a\u064f\u0633\u062a\u062e\u062f\u0645\u060c \u0645\u0646 \u0628\u064a\u0646 \u0623\u0645\u0648\u0631 \u0623\u062e\u0631\u0649\u060c \u0644\u062a\u0630\u0643\u0631 \u0627\u0644\u062a\u0641\u0636\u064a\u0644\u0627\u062a \u0623\u0648 \u0642\u064a\u0627\u0633 \u0627\u0644\u062c\u0645\u0647\u0648\u0631.<\/p>\n\n<h2><strong>2. \u0645\u0627 \u0647\u064a \u0645\u0644\u0641\u0627\u062a \u062a\u0639\u0631\u064a\u0641 \u0627\u0644\u0627\u0631\u062a\u0628\u0627\u0637 \u0627\u0644\u062a\u064a \u0646\u0633\u062a\u062e\u062f\u0645\u0647\u0627\u061f<\/strong><\/h2>\n\n<table>\n  <thead>\n    <tr>\n      <th>\u0646\u0648\u0639 \u0645\u0644\u0641 \u062a\u0639\u0631\u064a\u0641 \u0627\u0644\u0627\u0631\u062a\u0628\u0627\u0637<\/th>\n      <th>\u063a\u0627\u064a\u0629<\/th>\n      <th>\u0623\u0645\u062b\u0644\u0629 \/ \u0627\u0644\u0645\u0648\u0631\u062f<\/th>\n      <th>\u0645\u062f\u0629<\/th>\n    <\/tr>\n  <\/thead>\n  <tbody>\n    <!-- T\u00e9cnicas -->\n    <tr>\n      <td><strong>\u0627\u0644\u062a\u0642\u0646\u064a\u0627\u062a<\/strong><\/td>\n      <td>\u0623\u0646\u0647\u0627 \u062a\u0633\u0645\u062d \u0628\u0627\u0644\u062a\u0634\u063a\u064a\u0644 \u0627\u0644\u0623\u0633\u0627\u0633\u064a \u0644\u0644\u0645\u0648\u0642\u0639 \u0648\u0625\u062f\u0627\u0631\u0629 \u0627\u0644\u062c\u0644\u0633\u0629.<\/td>\n      <td>PHPSESSID\u060c cookieConsent\u060c wp-wpml_current_language<\/td>\n      <td>\u0627\u0644\u062f\u0648\u0631\u0629 \/ \u0633\u0646\u0629 \u0648\u0627\u062d\u062f\u0629<\/td>\n    <\/tr>\n    <!-- Anal\u00edticas -->\n    <tr>\n      <td><strong>\u0627\u0644\u062a\u062d\u0644\u064a\u0644\u0627\u062a<\/strong><\/td>\n      <td>\u0642\u064a\u0627\u0633 \u062d\u0631\u0643\u0629 \u0627\u0644\u0645\u0631\u0648\u0631 \u0648\u0627\u0644\u0633\u0644\u0648\u0643 \u0627\u0644\u0645\u062c\u0647\u0648\u0644 \u0644\u062a\u062d\u0633\u064a\u0646 \u062a\u0648\u0644\u064a\u062f \u0627\u0644\u0639\u0645\u0644\u0627\u0621 \u0627\u0644\u0645\u062d\u062a\u0645\u0644\u064a\u0646.<\/td>\n      <td>\u062a\u062d\u0644\u064a\u0644\u0627\u062a \u062c\u0648\u062c\u0644: _ga\u060c _gid\u060c _gat<\/td>\n      <td>24 \u0634\u0647\u0631\u064b\u0627 \/ 24 \u0633\u0627\u0639\u0629 \/ \u062f\u0642\u064a\u0642\u0629 \u0648\u0627\u062d\u062f\u0629<\/td>\n    <\/tr>\n    <!-- Publicitarias -->\n    <tr>\n      <td><strong>\u062f\u0639\u0627\u064a\u0629<\/strong><\/td>\n      <td>\u0625\u0639\u0627\u062f\u0629 \u0627\u0644\u062a\u0633\u0648\u064a\u0642 \u0648\u062a\u062e\u0635\u064a\u0635 \u0627\u0644\u0625\u0639\u0644\u0627\u0646\u0627\u062a \u0641\u064a \u0627\u0644\u062d\u0645\u0644\u0627\u062a.<\/td>\n      <td>Google Ads IDE\u060c Meta Pixel _fbp<\/td>\n      <td>90 \u064a\u0648\u0645\u064b\u0627<\/td>\n    <\/tr>\n    <!-- HubSpot tracking -->\n    <tr>\n      <td><strong>HubSpot \u2013 \u0627\u0644\u062a\u062a\u0628\u0639<\/strong><\/td>\n      <td>\u062a\u062d\u062f\u064a\u062f \u0627\u0644\u0632\u0648\u0627\u0631 \u0648\u062a\u0633\u062c\u064a\u0644 \u0627\u0644\u062c\u0644\u0633\u0627\u062a \u0644\u062a\u062d\u0644\u064a\u0644\u0627\u062a \u0627\u0644\u0639\u0645\u0644\u0627\u0621 \u0627\u0644\u0645\u062d\u062a\u0645\u0644\u064a\u0646.<\/td>\n      <td>\u0647\u0627\u0628\u0633\u0628\u0648\u062a\u0648\u0643<\/td>\n      <td>13 \u0634\u0647\u0631\u064b\u0627<\/td>\n    <\/tr>\n    <!-- HubSpot sesi\u00f3n -->\n    <tr>\n      <td><strong>HubSpot \u2013 \u062c\u0644\u0633\u0629<\/strong><\/td>\n      <td>\u0627\u0644\u062d\u0641\u0627\u0638 \u0639\u0644\u0649 \u062d\u0627\u0644\u0629 \u0627\u0644\u062c\u0644\u0633\u0629 \u0648\u0639\u062f\u062f \u0627\u0644\u0632\u064a\u0627\u0631\u0627\u062a.<\/td>\n      <td>__hstc\u060c __hssrc<\/td>\n      <td>13 \u0634\u0647\u0631\u064b\u0627 \/ \u0627\u0644\u062f\u0648\u0631\u0629<\/td>\n    <\/tr>\n    <tr>\n      <td><strong>\u0647\u0628 \u0633\u0628\u0648\u062a \u2013 \u0627\u0644\u0623\u062f\u0627\u0621<\/strong><\/td>\n      <td>\u062a\u0646\u0638\u064a\u0645 \u0633\u0631\u0639\u0629 \u0627\u0644\u0637\u0644\u0628\u0627\u062a \u0648\u062a\u062c\u0646\u0628 \u0627\u0644\u062a\u062d\u0645\u064a\u0644 \u0627\u0644\u0632\u0627\u0626\u062f.<\/td>\n      <td>__hssc<\/td>\n      <td>30 \u062f\u0642\u064a\u0642\u0629<\/td>\n    <\/tr>\n    <!-- Preferencias -->\n    <tr>\n      <td><strong>\u0627\u0644\u062a\u0641\u0636\u064a\u0644\u0627\u062a<\/strong><\/td>\n      <td>\u0627\u062d\u0641\u0638 \u0625\u0639\u062f\u0627\u062f\u0627\u062a \u0627\u0644\u0644\u063a\u0629 \u0623\u0648 \u0627\u0644\u062a\u062e\u0637\u064a\u0637 \u0623\u0648 \u0627\u0644\u0648\u0636\u0639 \u0627\u0644\u062f\u0627\u0643\u0646.<\/td>\n      <td>\u0627\u0644\u0645\u0648\u0636\u0648\u0639\u060c \u0627\u0644\u062a\u062e\u0637\u064a\u0637\u060c \u062a\u0641\u0636\u064a\u0644\u0627\u062a \u0645\u0644\u0641\u0627\u062a \u062a\u0639\u0631\u064a\u0641 \u0627\u0644\u0627\u0631\u062a\u0628\u0627\u0637<\/td>\n      <td>\u0633\u0646\u0629 \u0648\u0627\u062d\u062f\u0629<\/td>\n    <\/tr>\n    <!-- V\u00eddeo \/ Media -->\n    <tr>\n      <td><strong>\u0627\u0644\u0641\u064a\u062f\u064a\u0648 \/ \u0627\u0644\u0648\u0633\u0627\u0626\u0637<\/strong><\/td>\n      <td>\u062a\u0634\u063a\u064a\u0644 \u0645\u062a\u0643\u0627\u0645\u0644 \u0644\u0645\u0642\u0627\u0637\u0639 \u0627\u0644\u0641\u064a\u062f\u064a\u0648 \u0627\u0644\u062e\u0627\u0631\u062c\u064a\u0629.<\/td>\n      <td>\u064a\u0648\u062a\u064a\u0648\u0628 YSC\u060c VISITOR_INFO1_LIVE<\/td>\n      <td>\u0627\u0644\u062f\u0648\u0631\u0629 \/ 6 \u0623\u0634\u0647\u0631<\/td>\n    <\/tr>\n  <\/tbody>\n<\/table>\n\n<h2><strong>3. \u0627\u0644\u0645\u0648\u0627\u0641\u0642\u0629<\/strong><\/h2>\n<p>\u0639\u0646\u062f \u062f\u062e\u0648\u0644\u0643 \u0625\u0644\u0649 \u0627\u0644\u0645\u0648\u0642\u0639 \u0644\u0623\u0648\u0644 \u0645\u0631\u0629\u060c \u0633\u0648\u0641 \u062a\u0631\u0649 \u0644\u0627\u0641\u062a\u0629 \u062d\u064a\u062b \u064a\u0645\u0643\u0646\u0643 <strong>\u064a\u0642\u0628\u0644<\/strong>, <strong>\u064a\u062b\u0628\u062a<\/strong> \u0623\u064a\u0636\u0627\u064b <strong>\u0627\u0646\u062e\u0641\u0627\u0636<\/strong> \u0645\u0644\u0641\u0627\u062a \u062a\u0639\u0631\u064a\u0641 \u0627\u0644\u0627\u0631\u062a\u0628\u0627\u0637 \u063a\u064a\u0631 \u0627\u0644\u0623\u0633\u0627\u0633\u064a\u0629. \u064a\u0645\u0643\u0646\u0643 \u062a\u063a\u064a\u064a\u0631 \u062a\u0641\u0636\u064a\u0644\u0627\u062a\u0643 \u0641\u064a \u0623\u064a \u0648\u0642\u062a \u0628\u0627\u0644\u0646\u0642\u0631 \u0639\u0644\u0649 \u0631\u0627\u0628\u0637 &quot;\u062a\u0643\u0648\u064a\u0646 \u0645\u0644\u0641\u0627\u062a \u062a\u0639\u0631\u064a\u0641 \u0627\u0644\u0627\u0631\u062a\u0628\u0627\u0637&quot; \u0641\u064a \u0627\u0644\u062a\u0630\u064a\u064a\u0644 \u0623\u0648 \u0628\u062d\u0630\u0641 \u0645\u0644\u0641\u0627\u062a \u062a\u0639\u0631\u064a\u0641 \u0627\u0644\u0627\u0631\u062a\u0628\u0627\u0637 \u0645\u0646 \u0645\u062a\u0635\u0641\u062d\u0643.<\/p>\n\n<h2><strong>4. \u0643\u064a\u0641\u064a\u0629 \u062a\u0639\u0637\u064a\u0644 \u0645\u0644\u0641\u0627\u062a \u062a\u0639\u0631\u064a\u0641 \u0627\u0644\u0627\u0631\u062a\u0628\u0627\u0637 \u0623\u0648 \u062d\u0630\u0641\u0647\u0627<\/strong><\/h2>\n<p>\u064a\u0631\u062c\u0649 \u0627\u0644\u0631\u062c\u0648\u0639 \u0625\u0644\u0649 \u062a\u0639\u0644\u064a\u0645\u0627\u062a \u0627\u0644\u0645\u062a\u0635\u0641\u062d \u0627\u0644\u062e\u0627\u0635 \u0628\u0643 \u0644\u0625\u062f\u0627\u0631\u0629 \u0645\u0644\u0641\u0627\u062a \u062a\u0639\u0631\u064a\u0641 \u0627\u0644\u0627\u0631\u062a\u0628\u0627\u0637 \u0623\u0648 \u062d\u0630\u0641\u0647\u0627:<\/p>\n<ul>\n  <li><a href=\"https:\/\/support.google.com\/chrome\/answer\/95647\" target=\"_blank\" rel=\"nofollow noopener\">\u062c\u0648\u062c\u0644 \u0643\u0631\u0648\u0645<\/a><\/li>\n  <li><a href=\"https:\/\/support.mozilla.org\/es\/kb\/habilitar-y-deshabilitar-cookies-sitios-web\" target=\"_blank\" rel=\"nofollow noopener\">\u0645\u0648\u0632\u064a\u0644\u0627 \u0641\u0627\u064a\u0631\u0641\u0648\u0643\u0633<\/a><\/li>\n  <li><a href=\"https:\/\/support.microsoft.com\/es-es\/topic\/administrar-cookies-en-microsoft-edge-63947406-40ac-c3b8-57b9-2a946a29ae09\" target=\"_blank\" rel=\"nofollow noopener\">\u0645\u0627\u064a\u0643\u0631\u0648\u0633\u0648\u0641\u062a \u0625\u064a\u062f\u062c<\/a><\/li>\n  <li><a href=\"https:\/\/support.apple.com\/es-es\/HT201265\" target=\"_blank\" rel=\"nofollow noopener\">\u0631\u062d\u0644\u0627\u062a \u0627\u0644\u0633\u0641\u0627\u0631\u064a<\/a><\/li>\n<\/ul>\n\n<h2><strong>5. \u0627\u0644\u062a\u062d\u0648\u064a\u0644\u0627\u062a \u0627\u0644\u062f\u0648\u0644\u064a\u0629<\/strong><\/h2>\n<p>\u0642\u062f \u064a\u0642\u0648\u0645 \u0645\u0632\u0648\u062f\u0648 \u062e\u062f\u0645\u0627\u062a \u0645\u062b\u0644 Google LLC \u0648Meta Platforms Inc. \u0648HubSpot Inc. \u0628\u0645\u0639\u0627\u0644\u062c\u0629 \u0627\u0644\u0628\u064a\u0627\u0646\u0627\u062a \u062e\u0627\u0631\u062c \u0627\u0644\u0645\u0646\u0637\u0642\u0629 \u0627\u0644\u0627\u0642\u062a\u0635\u0627\u062f\u064a\u0629 \u0627\u0644\u0623\u0648\u0631\u0648\u0628\u064a\u0629. \u0646\u0636\u0645\u0646 \u0627\u0645\u062a\u062b\u0627\u0644 \u0639\u0645\u0644\u064a\u0627\u062a \u0627\u0644\u0646\u0642\u0644 \u0647\u0630\u0647 \u0644\u0644\u0622\u0644\u064a\u0627\u062a \u0627\u0644\u0642\u0627\u0646\u0648\u0646\u064a\u0629 \u0627\u0644\u0645\u0639\u0645\u0648\u0644 \u0628\u0647\u0627 (\u0627\u0644\u0628\u0646\u0648\u062f \u0627\u0644\u062a\u0639\u0627\u0642\u062f\u064a\u0629 \u0627\u0644\u0642\u064a\u0627\u0633\u064a\u0629 \u0623\u0648 \u063a\u064a\u0631\u0647\u0627 \u0645\u0646 \u0627\u0644\u0636\u0645\u0627\u0646\u0627\u062a \u0627\u0644\u0645\u0646\u0627\u0633\u0628\u0629).<\/p>\n\n<h2><strong>6. \u0645\u0633\u0624\u0648\u0644 \u0627\u0644\u0628\u064a\u0627\u0646\u0627\u062a<\/strong><\/h2>\n<p><strong>\u0625\u064a\u062f\u0648\u0644\u0643\u0648\u062f\u064a\u062a \u0625\u0633 \u0625\u0644<\/strong> \u2013 NIF B55553473<br>\n\u0627\u0644\u0645\u0646\u0637\u0642\u0629 \u0627\u0644\u0635\u0646\u0627\u0639\u064a\u0629\u060c \u0645\u0633\u062a\u0648\u062f\u0639 \u062e\u0627\u0635 \u0639\u0644\u0649 \u0627\u0644\u0637\u0631\u064a\u0642 \u0627\u0644\u062f\u0627\u062e\u0644\u064a \u0631\u0642\u0645 1<br>\n43152 \u0628\u064a\u0631\u0627\u0641\u0648\u0631\u062a (\u062a\u0627\u0631\u0627\u063a\u0648\u0646\u0627)<br>\n\u0628\u0631\u064a\u062f: <a href=\"mailto:info@edulcodiet.com\">info@edulcodiet.com<\/a><\/p>\n\n<h2><strong>7. \u0627\u0644\u062a\u062d\u062f\u064a\u062b\u0627\u062a<\/strong><\/h2>\n<p>\u064a\u062c\u0648\u0632 \u0644\u0646\u0627 \u062a\u0639\u062f\u064a\u0644 \u0633\u064a\u0627\u0633\u0629 \u0645\u0644\u0641\u0627\u062a \u062a\u0639\u0631\u064a\u0641 \u0627\u0644\u0627\u0631\u062a\u0628\u0627\u0637 \u0647\u0630\u0647 \u0644\u0645\u0648\u0627\u0643\u0628\u0629 \u0627\u0644\u062a\u063a\u064a\u064a\u0631\u0627\u062a \u0627\u0644\u0642\u0627\u0646\u0648\u0646\u064a\u0629 \u0623\u0648 \u0627\u0644\u062a\u0642\u0646\u064a\u0629. \u064a\u064f\u0631\u062c\u0649 \u0645\u0631\u0627\u062c\u0639\u0629 \u062a\u0627\u0631\u064a\u062e \u0623\u062d\u062f\u062b \u0625\u0635\u062f\u0627\u0631 \u0645\u064f\u0634\u0627\u0631 \u0625\u0644\u064a\u0647 \u0623\u0639\u0644\u0627\u0647.<\/p>\n\n<\/body>\n<\/html>\n```\n\t\t\t\t<\/div>\n\t\t\t\t\t<\/div>\n\t\t\t\t<\/div>\n\t\t\t\t<\/div>\n\t\t\n\n<div class=\"kk-star-ratings kksr-auto kksr-align-center kksr-valign-bottom\"\n    data-payload='{&quot;align&quot;:&quot;center&quot;,&quot;id&quot;:&quot;1571&quot;,&quot;slug&quot;:&quot;default&quot;,&quot;valign&quot;:&quot;bottom&quot;,&quot;ignore&quot;:&quot;&quot;,&quot;reference&quot;:&quot;auto&quot;,&quot;class&quot;:&quot;&quot;,&quot;count&quot;:&quot;0&quot;,&quot;legendonly&quot;:&quot;&quot;,&quot;readonly&quot;:&quot;&quot;,&quot;score&quot;:&quot;0&quot;,&quot;starsonly&quot;:&quot;&quot;,&quot;best&quot;:&quot;5&quot;,&quot;gap&quot;:&quot;5&quot;,&quot;greet&quot;:&quot;Valoraci\u00f3n&quot;,&quot;legend&quot;:&quot;Gracias por la valoraci\u00f3n&quot;,&quot;size&quot;:&quot;24&quot;,&quot;title&quot;:&quot;Pol\u00edtica de Cookies&quot;,&quot;width&quot;:&quot;0&quot;,&quot;_legend&quot;:&quot;Gracias por la valoraci\u00f3n&quot;,&quot;font_factor&quot;:&quot;1.25&quot;}'>\n            \n<div class=\"kksr-stars\">\n    \n<div class=\"kksr-stars-inactive\">\n            <div class=\"kksr-star\" data-star=\"1\" style=\"padding-left: 5px\">\n            \n\n<div class=\"kksr-icon\" style=\"width: 24px; height: 24px;\"><\/div>\n        <\/div>\n            <div class=\"kksr-star\" data-star=\"2\" style=\"padding-left: 5px\">\n            \n\n<div class=\"kksr-icon\" style=\"width: 24px; height: 24px;\"><\/div>\n        <\/div>\n            <div class=\"kksr-star\" data-star=\"3\" style=\"padding-left: 5px\">\n            \n\n<div class=\"kksr-icon\" style=\"width: 24px; height: 24px;\"><\/div>\n        <\/div>\n            <div class=\"kksr-star\" data-star=\"4\" style=\"padding-left: 5px\">\n            \n\n<div class=\"kksr-icon\" style=\"width: 24px; height: 24px;\"><\/div>\n        <\/div>\n            <div class=\"kksr-star\" data-star=\"5\" style=\"padding-left: 5px\">\n            \n\n<div class=\"kksr-icon\" style=\"width: 24px; height: 24px;\"><\/div>\n        <\/div>\n    <\/div>\n    \n<div class=\"kksr-stars-active\" style=\"width: 0px;\">\n            <div class=\"kksr-star\" style=\"padding-left: 5px\">\n            \n\n<div class=\"kksr-icon\" style=\"width: 24px; height: 24px;\"><\/div>\n        <\/div>\n            <div class=\"kksr-star\" style=\"padding-left: 5px\">\n            \n\n<div class=\"kksr-icon\" style=\"width: 24px; height: 24px;\"><\/div>\n        <\/div>\n            <div class=\"kksr-star\" style=\"padding-left: 5px\">\n            \n\n<div class=\"kksr-icon\" style=\"width: 24px; height: 24px;\"><\/div>\n        <\/div>\n            <div class=\"kksr-star\" style=\"padding-left: 5px\">\n            \n\n<div class=\"kksr-icon\" style=\"width: 24px; height: 24px;\"><\/div>\n        <\/div>\n            <div class=\"kksr-star\" style=\"padding-left: 5px\">\n            \n\n<div class=\"kksr-icon\" style=\"width: 24px; height: 24px;\"><\/div>\n        <\/div>\n    <\/div>\n<\/div>\n                \n\n<div class=\"kksr-legend\" style=\"font-size: 19.2px;\">\n            <span class=\"kksr-muted\">\u062a\u0642\u062f\u064a\u0631<\/span>\n    <\/div>\n    <\/div>","protected":false},"excerpt":{"rendered":"<p>\u00ab`html Pol\u00edtica de Cookies | Edulcodiet S.L. POL\u00cdTICA DE COOKIES \u2013 EDULCODIET S.L. \u00daltima actualizaci\u00f3n: 7&nbsp;de&nbsp;julio&nbsp;de&nbsp;2025 1.&nbsp;\u00bfQU\u00c9 SON LAS COOKIES? Las cookies son archivos de texto que un sitio web instala en el dispositivo del usuario para recoger y recuperar informaci\u00f3n sobre su navegaci\u00f3n. Sirven, entre otras cosas, para recordar preferencias o medir la audiencia. [&hellip;]<\/p>\n","protected":false},"author":1,"featured_media":0,"parent":0,"menu_order":0,"comment_status":"closed","ping_status":"closed","template":"","meta":{"content-type":"","footnotes":""},"class_list":["post-1571","page","type-page","status-publish","hentry"],"_links":{"self":[{"href":"https:\/\/edulcodiet.com\/ary\/wp-json\/wp\/v2\/pages\/1571","targetHints":{"allow":["GET"]}}],"collection":[{"href":"https:\/\/edulcodiet.com\/ary\/wp-json\/wp\/v2\/pages"}],"about":[{"href":"https:\/\/edulcodiet.com\/ary\/wp-json\/wp\/v2\/types\/page"}],"author":[{"embeddable":true,"href":"https:\/\/edulcodiet.com\/ary\/wp-json\/wp\/v2\/users\/1"}],"replies":[{"embeddable":true,"href":"https:\/\/edulcodiet.com\/ary\/wp-json\/wp\/v2\/comments?post=1571"}],"version-history":[{"count":0,"href":"https:\/\/edulcodiet.com\/ary\/wp-json\/wp\/v2\/pages\/1571\/revisions"}],"wp:attachment":[{"href":"https:\/\/edulcodiet.com\/ary\/wp-json\/wp\/v2\/media?parent=1571"}],"curies":[{"name":"wp","href":"https:\/\/api.w.org\/{rel}","templated":true}]}}